t is the remainder when 296980 is divided by 59365?
155
What is the remainder when 4827331 is divided by 35?
26
Calculate the remainder when 106161 is divided by 52555.
1051
Calculate the remainder when 156557 is divided by 156362.
195
Calculate the remainder when 2236113 is divided by 88.
33
Calculate the remainder when 526204 is divided by 175305.
289
What is the remainder when 1483675 is divided by 5642?
5471
Calculate the remainder when 134825480 is divided by 468144.
8
What is the remainder when 1626106 is divided by 23?
6
Calculate the remainder when 290441 is divided by 5093.
140
What is the remainder when 1280531 is divided by 88?
43
Calculate the remainder when 2477712 is divided by 3.
0
Calculate the remainder when 375867 is divided by 967.
671
What is the remainder when 4171878 is divided by 4171776?
102
Calculate the remainder when 679123197 is divided by 372.
369
What is the remainder when 6942662 is divided by 2314107?
341
Calculate the remainder when 25501073 is divided by 318.
17
What is the remainder when 79448 is divided by 439?
428
Calculate the remainder when 30718 is divided by 4383.
37
What is the remainder when 681386 is divided by 659?
639
What is the remainder when 107897 is divided by 35949?
50
Calculate the remainder when 35761132 is divided by 55.
22
What is the remainder when 113573 is divided by 110658?
2915
What is the remainder when 1833080 is divided by 18328?
280
Calculate the remainder when 49971944 is divided by 1741.
21
Calculate the remainder when 269392 is divided by 215.
212
Calculate the remainder when 635008 is divided by 3489.
10
What is the remainder when 36389 is divided by 282?
11
Calculate the remainder when 545890 is divided by 2843.
34
Calculate the remainder when 3511531 is divided by 50.
31
What is the remainder when 5435585 is divided by 388251?
71
Calculate the remainder when 132769 is divided by 14742.
91
Calculate the remainder when 331911092 is divided by 1385.
1382
Calculate the remainder when 3665671 is divided by 42624.
7
Calculate the remainder when 32324730 is divided by 16162348.
34
What is the remainder when 1503826 is divided by 1503451?
375
What is the remainder when 3040350 is divided by 240?
30
Calculate the remainder when 71007 is divided by 1240.
327
Calculate the remainder when 57706453 is divided by 242464.
21
What is the remainder when 195542 is divided by 2036?
86
Calculate the remainder when 5867512 is divided by 306.
268
What is the remainder when 106108 is divided by 21216?
28
What is the remainder when 335671 is divided by 4045?
3981
What is the remainder when 154499 is divided by 721?
205
Calculate the remainder when 169473861 is divided by 5263.
5261
Calculate the remainder when 1587723 is divided by 111.
90
Calculate the remainder when 62386 is divided by 26.
12
What is the remainder when 1050373 is divided by 1050300?
73
Calculate the remainder when 23766 is divided by 22375.
1391
Calculate the remainder when 3791687 is divided by 27.
23
Calculate the remainder when 97341 is divided by 3826.
1691
What is the remainder when 5080 is divided by 1311?
1147
What is the remainder when 29261334 is divided by 2090095?
4
Calculate the remainder when 4125817 is divided by 278.
19
What is the remainder when 2790784 is divided by 66432?
640
Calculate the remainder when 152442 is divided by 3464.
26
Calculate the remainder when 345667879 is divided by 39.
37
What is the remainder when 103556 is divided by 195?
11
Calculate the remainder when 1426208 is divided by 8472.
2912
Calculate the remainder when 8347001 is divided by 41.
16
What is the remainder when 17341 is divided by 5678?
307
What is the remainder when 17207349 is divided by 12?
9
Calculate the remainder when 135706 is divided by 1760.
186
Calculate the remainder when 1882457 is divided by 668.
33
Calculate the remainder when 24200318 is divided by 59.
52
Calculate the remainder when 12190547 is divided by 4.
3
What is the remainder when 16701675 is divided by 1531?
1527
Calculate the remainder when 62470 is divided by 15588.
118
Calculate the remainder when 258373 is divided by 1271.
360
Calculate the remainder when 1881673 is divided by 1153.
1130
Calculate the remainder when 119706131 is divided by 546.
545
What is the remainder when 16581299 is divided by 1900?
1899
What is the remainder when 178298 is divided by 1497?
155
Calculate the remainder when 67960 is divided by 67488.
472
Calculate the remainder when 1189876 is divided by 1343.
1321
What is the remainder when 5148907 is divided by 58?
15
Calculate the remainder when 2893064 is divided by 162.
68
Calculate the remainder when 2189374 is divided by 1889.
23
What is the remainder when 2210243 is divided by 16?
3
Calculate the remainder when 575503 is divided by 2648.
887
Calculate the remainder when 766223 is divided by 654.
389
Calculate the remainder when 63093168 is divided by 3949.
3944
What is the remainder when 1312720 is divided by 603?
592
What is the remainder when 50337 is divided by 46579?
3758
Calculate the remainder when 985637 is divided by 29863.
158
What is the remainder when 2337171 is divided by 549?
78
Calculate the remainder when 849666 is divided by 77242.
4
Calculate the remainder when 840649 is divided by 4288.
201
Calculate the remainder when 2492873 is divided by 146636.
61
What is the remainder when 126673 is divided by 31637?
125
Calculate the remainder when 1143628 is divided by 2064.
172
What is the remainder when 1580953 is divided by 4?
1
What is the remainder when 318521 is divided by 160?
121
Calculate the remainder when 1189780 is divided by 594422.
936
What is the remainder when 304401975 is divided by 174143?
11
Calculate the remainder when 2362725 is divided by 262485.
360
Calculate the remainder when 1763373 is divided by 195.
183
What is the remainder when 2487841 is divided by 2570?
81
What is the remainder when 47304959 is divided by 388?
387
What is the remainder when 58770 is divided by 231?
96
What is the remainder when 1289067 is divided by 370?
357
What is the remainder when 864665417 is divided by 67?
66
Calculate the remainder when 1338016 is divided by 5575.
16
Calculate the remainder when 604832 is divided by 11631.
20
Calculate the remainder when 5733380 is divided by 154955.
45
What is the remainder when 2767782 is divided by 670?
12
What is the remainder when 851250 is divided by 122?
56
What is the remainder when 144369 is divided by 144057?
312
Calculate the remainder when 641354 is divided by 394.
316
Calculate the remainder when 450762 is divided by 261.
15
Calculate the remainder when 4277081 is divided by 4035.
4016
Calculate the remainder when 467799 is divided by 376.
55
What is the remainder when 103998 is divided by 14849?
55
What is the remainder when 2295519 is divided by 1117?
84
What is the remainder when 345123590 is divided by 2547?
2543
Calculate the remainder when 106190 is divided by 35358.
116
Calculate the remainder when 79851 is divided by 13302.
39
What is the remainder when 136589 is divided by 5463?
14
Calculate the remainder when 9080710 is divided by 261.
259
Calculate the remainder when 167484 is divided by 6197.
165
What is the remainder when 3189119 is divided by 144?
95
What is the remainder when 1018926 is divided by 6029?
25
What is the remainder when 62558272 is divided by 23?
20
Calculate the remainder when 39999074 is divided by 2834.
2832
Calculate the remainder when 101440 is divided by 216.
136
What is the remainder when 62030445 is divided by 1242?
1239
What is the remainder when 18809573 is divided by 609?
608
Calculate the remainder when 172872 is divided by 1300.
1272
What is the remainder when 8472434 is divided by 681?
113
What is the remainder when 215944 is divided by 919?
898
Calculate the remainder when 49886653 is divided by 39.
37
What is the remainder when 2499883 is divided by 833291?
10
Calculate the remainder when 11044 is divided by 2022.
934
Calculate the remainder when 220735 is divided by 11605.
240
What is the remainder when 142432614 is divided by 1924765?
4
Calculate the remainder when 10382386 is divided by 10382369.
17
Calculate the remainder when 24085 is divided by 3160.
1965
Calculate the remainder when 246639911 is divided by 37.
20